{"id":69,"date":"2019-10-18T15:11:01","date_gmt":"2019-10-18T15:11:01","guid":{"rendered":"https:\/\/www.intaba-weine.de\/?page_id=69"},"modified":"2020-09-03T12:39:27","modified_gmt":"2020-09-03T12:39:27","slug":"links","status":"publish","type":"page","link":"https:\/\/www.intaba-weine.de\/?page_id=69","title":{"rendered":"Links"},"content":{"rendered":"<p>[et_pb_section fb_built=&#8220;1&#8243; fullwidth=&#8220;on&#8220; _builder_version=&#8220;4.3.4&#8243; background_color=&#8220;#7c0202&#8243;][et_pb_fullwidth_image src=&#8220;https:\/\/www.intaba-weine.de\/wp-content\/uploads\/2020\/02\/logo-weiss-Kopie-1.png&#8220; url=&#8220;https:\/\/www.intaba-weine.de&#8220; _builder_version=&#8220;4.3.4&#8243; background_color=&#8220;#7c0202&#8243; width=&#8220;46%&#8220; width_tablet=&#8220;80%&#8220; width_phone=&#8220;89%&#8220; width_last_edited=&#8220;on|tablet&#8220; module_alignment=&#8220;center&#8220; custom_margin=&#8220;0px||||false|false&#8220; custom_padding=&#8220;14px||11px||false|false&#8220;][\/et_pb_fullwidth_image][\/et_pb_section][et_pb_section fb_built=&#8220;1&#8243; fullwidth=&#8220;on&#8220; admin_label=&#8220;Header Section&#8220; _builder_version=&#8220;3.22&#8243; background_color=&#8220;#dadde2&#8243;][et_pb_fullwidth_slider admin_label=&#8220;Startseitenslider&#8220; _builder_version=&#8220;4.3.4&#8243; header_level=&#8220;h1&#8243; header_font=&#8220;||||||||&#8220; header_font_size=&#8220;37px&#8220; max_width_tablet=&#8220;100%&#8220; max_width_phone=&#8220;100%&#8220; max_width_last_edited=&#8220;on|phone&#8220; custom_margin=&#8220;0px||0px|&#8220; custom_margin_tablet=&#8220;&#8220; custom_margin_phone=&#8220;&#8220; custom_margin_last_edited=&#8220;on|desktop&#8220; custom_padding=&#8220;300px||300px|&#8220; custom_padding_tablet=&#8220;&#8220; custom_padding_phone=&#8220;150px||150px||false|false&#8220; custom_padding_last_edited=&#8220;on|phone&#8220; auto=&#8220;on&#8220; header_font_size_tablet=&#8220;37px&#8220; header_font_size_phone=&#8220;37px&#8220; header_font_size_last_edited=&#8220;on|tablet&#8220; button_text_size__hover_enabled=&#8220;off&#8220; button_one_text_size__hover_enabled=&#8220;off&#8220; button_two_text_size__hover_enabled=&#8220;off&#8220; button_text_color__hover_enabled=&#8220;off&#8220; button_one_text_color__hover_enabled=&#8220;off&#8220; button_two_text_color__hover_enabled=&#8220;off&#8220; button_border_width__hover_enabled=&#8220;off&#8220; button_one_border_width__hover_enabled=&#8220;off&#8220; button_two_border_width__hover_enabled=&#8220;off&#8220; button_border_color__hover_enabled=&#8220;off&#8220; button_one_border_color__hover_enabled=&#8220;off&#8220; button_two_border_color__hover_enabled=&#8220;off&#8220; button_border_radius__hover_enabled=&#8220;off&#8220; button_one_border_radius__hover_enabled=&#8220;off&#8220; button_two_border_radius__hover_enabled=&#8220;off&#8220; button_letter_spacing__hover_enabled=&#8220;off&#8220; button_one_letter_spacing__hover_enabled=&#8220;off&#8220; button_two_letter_spacing__hover_enabled=&#8220;off&#8220; button_bg_color__hover_enabled=&#8220;off&#8220; button_one_bg_color__hover_enabled=&#8220;off&#8220; button_two_bg_color__hover_enabled=&#8220;off&#8220;][et_pb_slide heading=&#8220;LINKS&#8220; use_bg_overlay=&#8220;off&#8220; use_text_overlay=&#8220;off&#8220; _builder_version=&#8220;4.3.4&#8243; header_font=&#8220;|700|||||||&#8220; header_font_size=&#8220;40px&#8220; background_image=&#8220;https:\/\/www.intaba-weine.de\/wp-content\/uploads\/2019\/10\/Weingut-Graceland-Reben-Berge-Kopie-2.jpg&#8220; background_enable_image=&#8220;on&#8220; button_on_hover=&#8220;on&#8220; text_orientation=&#8220;center&#8220; header_font_size_tablet=&#8220;&#8220; header_font_size_phone=&#8220;25px&#8220; header_font_size_last_edited=&#8220;on|phone&#8220; header_text_shadow_style=&#8220;preset4&#8243; header_text_shadow_horizontal_length=&#8220;0.06em&#8220; header_text_shadow_vertical_length=&#8220;0.06em&#8220; header_text_shadow_color=&#8220;#7c0202&#8243; text_shadow_style=&#8220;preset4&#8243; text_shadow_horizontal_length=&#8220;0.33em&#8220; text_shadow_vertical_length=&#8220;0.24em&#8220; text_shadow_color=&#8220;#7c0202&#8243; button_text_size__hover_enabled=&#8220;off&#8220; button_one_text_size__hover_enabled=&#8220;off&#8220; button_two_text_size__hover_enabled=&#8220;off&#8220; button_text_color__hover_enabled=&#8220;off&#8220; button_one_text_color__hover_enabled=&#8220;off&#8220; button_two_text_color__hover_enabled=&#8220;off&#8220; button_border_width__hover_enabled=&#8220;off&#8220; button_one_border_width__hover_enabled=&#8220;off&#8220; button_two_border_width__hover_enabled=&#8220;off&#8220; button_border_color__hover_enabled=&#8220;off&#8220; button_one_border_color__hover_enabled=&#8220;off&#8220; button_two_border_color__hover_enabled=&#8220;off&#8220; button_border_radius__hover_enabled=&#8220;off&#8220; button_one_border_radius__hover_enabled=&#8220;off&#8220; button_two_border_radius__hover_enabled=&#8220;off&#8220; button_letter_spacing__hover_enabled=&#8220;off&#8220; button_one_letter_spacing__hover_enabled=&#8220;off&#8220; button_two_letter_spacing__hover_enabled=&#8220;off&#8220; button_bg_color__hover_enabled=&#8220;off&#8220; button_one_bg_color__hover_enabled=&#8220;off&#8220; button_two_bg_color__hover_enabled=&#8220;off&#8220;][\/et_pb_slide][\/et_pb_fullwidth_slider][\/et_pb_section][et_pb_section fb_built=&#8220;1&#8243; admin_label=&#8220;Products Section&#8220; _builder_version=&#8220;3.22&#8243; background_color=&#8220;#dadada&#8220; custom_padding=&#8220;40px|0px|120px|0px|false|false&#8220;][et_pb_row _builder_version=&#8220;3.25&#8243;][et_pb_column type=&#8220;4_4&#8243; _builder_version=&#8220;3.25&#8243; custom_padding=&#8220;|||&#8220; custom_padding__hover=&#8220;|||&#8220;][et_pb_blurb content_max_width=&#8220;854px&#8220; _builder_version=&#8220;3.12.1&#8243; header_font=&#8220;||||||||&#8220; header_font_size=&#8220;20px&#8220; body_font=&#8220;||||||||&#8220; body_line_height=&#8220;1.4em&#8220; text_orientation=&#8220;center&#8220;]<\/p>\n<p><span style=\"color: #7c0202; font-family: inherit; font-weight: normal; font-size: large;\"><strong><span class=\"ff2 fc3 fs12 fb \">Wir \u00fcbernehmen keine Haftung f\u00fcr die Inhalte externer Links. F\u00fcr den Inhalt der verlinkten Seiten sind ausschlie\u00dflich deren Betreiber verantwortlich.<\/span><\/strong><\/span><span class=\"ff2 fc2 fs12 fb \"> <br \/><\/span><span class=\"ff3 fc0 fs12 \"><\/span><\/p>\n<p>Ben\u00f6tigen Sie die richtige <span class=\"ff3 fc0 fs12 fb \">K\u00fchlung<\/span><span class=\"ff3 fc0 fs12 \"> f\u00fcr Ihren Wein? Hier werden Sie fachm\u00e4nnisch beraten:<br \/><span style=\"color: #7c0202;\"><a class=\"ImLink\" title=\"\" style=\"color: #7c0202;\" href=\"https:\/\/www.beckmann-kaelte.de\">www.beckmann-kaelte.de<\/a><\/span><\/span><\/p>\n<p>Sie suchen jemanden, der professionelle Firmenevents, Weinpr\u00e4sentationen etc. anbietet? Dann schauen Sie bitte auf der Homepage des <span class=\"ff3 fc0 fs12 fb \">Weinakademikers<\/span><span class=\"ff3 fc0 fs12 \"> Paul Nauwerk nach: <span style=\"color: #7c0202;\"><a class=\"ImLink\" title=\"\" style=\"color: #7c0202;\" href=\"http:\/\/www.weinvermittler.de\/\">www.weinvermittler.de<\/a><\/span><\/span><\/p>\n<p>Sie wollen mehr \u00fcber Wein erfahren? Dann sind Sie in der <span class=\"ff3 fc0 fs12 fb \">Weinschule<\/span><span class=\"ff3 fc0 fs12 \"> am besten aufgehoben:<br \/><span style=\"color: #7c0202;\"><a class=\"ImLink\" title=\"\" style=\"color: #7c0202;\">www.weintrainer.com<\/a><\/span><\/span><\/p>\n<p><span class=\"ff3 fc0 fs12 fb \">Textur &#8211; Text &amp; PR f\u00fcr die Weinbranche<\/span><span class=\"ff3 fc0 fs12 \">. Ma\u00dfgeschneiderte Dienstleistungen aus den Bereichen Text, Marketing und Public Relations f\u00fcr Winzer und Weinh\u00e4ndler finden Sie unter: <\/span><span style=\"color: #7c0202;\"><span class=\"ff2 fc4 fs12 fu \"><a class=\"ImLink\" title=\"\" style=\"color: #7c0202;\">www.textur.nl<\/a><\/span><span class=\"ff3 fc2 fs12 \"><a class=\"ImLink\" title=\"\" style=\"color: #7c0202;\"> <\/a><\/span><\/span><span class=\"ff0 fc2 fs12 \"><br \/><\/span><span class=\"ff3 fc0 fs12 \"><\/span><\/p>\n<p>Seit 1996 bringt das <span class=\"ff3 fc0 fs12 fb \">S\u00dcD-AFRIKA Magazin <\/span><span class=\"ff3 fc0 fs12 \">viermal pro Jahr aktuelle Reportagen und Fotofeatures \u00fcber eine der sch\u00f6nsten Regionen der Welt. S\u00fcdafrikanischer Wein ist in jedem Heft ein Thema, seit September 2016 gibt es aber auch das exklusive Special &#8222;WEINLAND AM KAP&#8220;. Weitere Infos: <\/span><span style=\"color: #7c0202;\"><span class=\"ff3 fc4 fs12 fu \"><a class=\"ImLink\" title=\"\" style=\"color: #7c0202;\">www.sued-afrika.de<\/a><\/span><span class=\"ff3 fc2 fs12 \"> <\/span><\/span><span class=\"ff0 fc2 fs12 \"><br \/><\/span><span class=\"ff3 fc0 fs12 \"><\/span><\/p>\n<p>Das <span class=\"ff3 fc0 fs12 fb \">Kinderhospiz L\u00f6wenmut<\/span><span class=\"ff3 fc0 fs12 \"> in der N\u00e4he von Johannesburg verbessert die Lebensbedingungen von schwerstkranken und behinderten Kindern in S\u00fcdafrika. Tun Sie etwas Gutes und helfen Sie mit!<br \/>N\u00e4here Infos unter: <span style=\"color: #7c0202;\"><a class=\"ImLink\" title=\"\" style=\"color: #7c0202;\">www.ifb-loewenmut.de<\/a><\/span><\/span><\/p>\n<p>Mit dem <span class=\"ff3 fc0 fs12 fb \">Reiseb\u00fcro Robertz<\/span><span class=\"ff3 fc0 fs12 \"> von Haan in alle Welt! Durch langj\u00e4hrige Erfahrung und Fachkompetenz bietet das Reiseb\u00fcro Robertz einen individuellen Reiseservice f\u00fcr einen gelungenen Urlaub. Nicht umsonst lautet das Motto &#8222;die Kunst des Reisens&#8220;. Informieren Sie sich unter: <span style=\"color: #7c0202;\"><a class=\"ImLink\" title=\"\" style=\"color: #7c0202;\">www.robertz-reisebuero.de<\/a><\/span><br \/><\/span><span class=\"ff3 fc0 fs12 fb \"><\/span><\/p>\n<p>S\u00fcdafrika hautnah<span class=\"ff3 fc0 fs12 \"> gestaltet Ihnen ganz <\/span><span class=\"ff3 fc0 fs12 fb \">individuell <\/span><span class=\"ff3 fc0 fs12 \">Ihre <\/span><span class=\"ff3 fc0 fs12 fb \">Mietwagenrundreise<\/span><span class=\"ff3 fc0 fs12 \">. Sie werden das Land abseits bekannter Touristenpfade kennen lernen, unvergessliche Begegnungen und eine Reise erleben, die Ihr Herz ber\u00fchrt und Sie ver\u00e4ndert zur\u00fcckkehren l\u00e4sst. Birgit Bergener ber\u00e4t Sie gerne: <\/span><span class=\"ff3 fc0 fs12 fu \" style=\"color: #7c0202;\"><a class=\"ImLink\" title=\"\" style=\"color: #7c0202;\">www.suedafrika-hautnah.de<\/a><\/span><span class=\"ff3 fc2 fs12 \"> <\/span><\/p>\n<p><span class=\"ff3 fc0 fs12 fb \">SA Travel<\/span><span class=\"ff3 fc0 fs12 \"> ist seit \u00fcber zw\u00f6lf Jahren der kompetente Spezialist f\u00fcr individuelles Reisen in das s\u00fcdliche Afrika. <\/span><span class=\"ff3 fc0 fs12 fb \">Wein- und Genussreisen ans Kap <\/span><span class=\"ff3 fc0 fs12 \">nehmen dabei einen hohen Stellenwert ein, denn gerade S\u00fcdafrika hat viel mehr zu bieten als nur Safari. Die Weingebiete des Western Capes bei Kapstadt geh\u00f6ren zu den sch\u00f6nsten Gegenden des Landes. N\u00e4here Infos unter: <\/span><span class=\"ff3 fc4 fs12 \" style=\"color: #7c0202;\"><a class=\"ImLink\" title=\"\" style=\"color: #7c0202;\">www.sa-travel.de\/wine-dine<\/a><\/span><span class=\"ff0 fc2 fs12 \"> <br \/><\/span><span class=\"ff3 fc2 fs12 \"><\/span><\/p>\n<p>Bei <span class=\"ff2 fc2 fs12 fb \">Jebo Travel <\/span><span class=\"ff3 fc2 fs12 \">erleben Sie eine Reise u. a. ins <\/span><span class=\"ff2 fc2 fs12 fb \">s\u00fcdliche und \u00f6stliche Afrika<\/span><span class=\"ff3 fc2 fs12 \">, die bis ins kleinste Detail vollendet vorbereitet wurde. Ein Anspruch, der in jeder Reise sicht- und sp\u00fcrbar wird. <\/span><span class=\"ff3 fc0 fs12 \">Es lebe der kleine, aber ma\u00dfgeschneiderte Unterschied! Lassen Sie sich bei Jenny Bonsau inspirieren: <span style=\"color: #7c0202;\"><a class=\"ImLink\" title=\"\" style=\"color: #7c0202;\">www.jebotravel.de<\/a><\/span><\/span><span class=\"ff3 fc2 fs12 \"> <br \/><\/span><span class=\"ff3 fc0 fs12 \"><br \/><\/span><span class=\"ff2 fc2 fs12 fb \">Ma\u00dfgeschneiderte Reisen<\/span><span class=\"ff3 fc2 fs12 \"> ins s\u00fcdliche und \u00f6stliche Afrika direkt vom Veranstalter! Lassen Sie sich individuell beraten: <\/span><span class=\"ff2 fc2 fs12 fu \" style=\"color: #7c0202;\"><a class=\"ImLink\" title=\"\" style=\"color: #7c0202;\">www.get-up-tours.de<\/a><\/span><span class=\"ff3 fc2 fs12 \"> <br \/><\/span><span class=\"ff3 fc0 fs12 \"><\/span><\/p>\n<p><span class=\"ff3 fc0 fs12 fb \">Urlaub am Kap<\/span><span class=\"ff3 fc0 fs12 \"> in S\u00fcdafrika und noch keine \u00dcbernachtung? Dann schauen Sie doch hier:<br \/><span style=\"color: #7c0202;\"><a class=\"ImLink\" title=\"\" style=\"color: #7c0202;\">www.seventh-heaven-lodge-tours.de<\/a><\/span><\/span><\/p>\n<p>Auf dem <span class=\"ff3 fc0 fs12 fb \">Weingut <\/span><span class=\"ff3 fc0 fs12 \">Nabygelegen gibt es ein tolles G\u00e4stehaus f\u00fcr max. 4 Personen. Bitte kontaktieren Sie direkt das Weingut oder uns: <span style=\"color: #7c0202;\"><a class=\"ImLink\" title=\"\" style=\"color: #7c0202;\">www.nabygelegen.co.za<\/a> <\/span><br \/><span style=\"color: #7c0202;\"><a class=\"ImLink\" title=\"\" style=\"color: #7c0202;\">Fotos zum G\u00e4stehaus<\/a><\/span><br \/><\/span><span class=\"ff3 fc2 fs12 \"><\/span><\/p>\n<p>Die <span class=\"ff2 fc2 fs12 fb \">Kochschule &#8222;lecker <\/span><span class=\"ff3 fc2 fs12 fb fi \">werden<\/span><span class=\"ff2 fc2 fs12 fb \">&#8222;<\/span><span class=\"ff3 fc2 fs12 \"> in Essen-Werden bietet Kochkurse f\u00fcr Jedermann, einen Feinkostladen mit ausgew\u00e4hlten Produkten, Freitag und Samstag einen Mittagstisch, Veranstaltungen und Catering. Schwerpunkt hierbei sind saisonale Gerichte aus regionalem, teils eigenem Anbau! N\u00e4here Infos finden Sie unter: <span style=\"color: #7c0202;\"><a class=\"ImLink\" title=\"\" style=\"color: #7c0202;\">www.leckerwerden.de<\/a><\/span><\/span><\/p>\n<p>Nach einem guten Essen mit gutem Wein g\u00f6nnt man sich auch einen leckeren <span class=\"ff2 fc2 fs12 fb \">Kaffee<\/span><span class=\"ff3 fc2 fs12 \">. Ausgefallene, selbstger\u00f6stete Kaffeebohnen aus aller Welt finden Sie hier: <span style=\"color: #7c0202;\"><a class=\"ImLink\" title=\"\" style=\"color: #7c0202;\">www.roestzeit.de<\/a><\/span><\/span><\/p>\n<p>Bei Schl\u00fcter\u00b4s Geniessertreff in W\u00fclfrath findet man neben einer gro\u00dfen Auswahl an <span class=\"ff2 fc2 fs12 fb \">Whisky<\/span><span class=\"ff3 fc2 fs12 \"> u. a. auch Rum, Wein und Zigarren. Eben alles, was man zum Geniessen braucht! <span style=\"color: #7c0202;\"><a class=\"ImLink\" title=\"\" style=\"color: #7c0202;\">www.schl\u00fcters-geniessertreff.de<\/a><\/span><br \/><\/span><span class=\"ff3 fc0 fs12 \"><\/span><\/p>\n<p><span class=\"ff3 fc0 fs12 fb \">Kulinarische Delikatessen und Spezialit\u00e4ten <\/span><span class=\"ff3 fc0 fs12 \">aus Namibia und dem s\u00fcdlichen Afrika (z. B. Biltong und Boerewors) finden Sie unter: <a class=\"ImLink\" title=\"\">w<span style=\"color: #7c0202;\">ww.bernds-biltong-bude.de<\/span><\/a><\/span><\/p>\n<p><span class=\"ff3 fc0 fs12 fb \">Sp\u00fcre S\u00fcdafrika &#8211; lebendig &#8211; sinnlich &#8211; stimmig! <\/span><span class=\"ff3 fc0 fs12 \"><br \/>Frau Bettina Brandt m\u00f6chte Menschen verbinden mit dem Spirit von S\u00fcdafrika \u2013 das ist Ihre Vision.<br \/>Sie m\u00f6chte dieses ganz spezielle Lebensgef\u00fchl und die Begeisterung f\u00fcr das wohl sch\u00f6nste Ende der Welt und den damit verbundenen Spirit in Deutschland erlebbar machen. N\u00e4here Infos unter: <span style=\"color: #7c0202;\"><a class=\"ImLink\" title=\"\" style=\"color: #7c0202;\">www.shosholoza-brandt.de<\/a><\/span><br \/><\/span><span class=\"ff3 fc0 fs12 fb \"><\/span><\/p>\n<p>Kunst, Kunsthandwerk und Inneneinrichtung<span class=\"ff3 fc0 fs12 \"> gr\u00f6\u00dftenteils aus S\u00fcdafrika von <span style=\"color: #7c0202;\"><a class=\"ImLink\" title=\"\" style=\"color: #7c0202;\">arts, interior<\/a><\/span>. \u00c4sthetische, hochwertige und in Deutschland weitestgehend unbekannte Produkte, die teilweise exklusiv f\u00fcr arts, interior produziert wurden. Anschauen lohnt sich! <span style=\"color: #7c0202;\"><a class=\"ImLink\" title=\"\" style=\"color: #7c0202;\">www.artsinterior.de<\/a><\/span><\/span><\/p>\n<p>&#8222;Heiter bis Rosig&#8220; bietet wundersch\u00f6ne <span class=\"ff3 fc0 fs12 fb \">Handarbeiten aus Filz<\/span><span class=\"ff3 fc0 fs12 \">! Au\u00dferdem werden filzige Kindergeburtstage, filzige Kurse und alles Sch\u00f6ne auf Bestellung angeboten!<br \/><\/span><span class=\"ff3 fc0 fs12 fu \">Kontakt:<\/span><span class=\"ff3 fc0 fs12 \"> Tanja Rensner <span style=\"color: #7c0202;\"><a class=\"ImLink\" href=\"mailto:heiterbisrosig@web.de\" title=\"\" style=\"color: #7c0202;\">heiterbisrosig@web.de<\/a><\/span> oder 0176\/70007193<\/span><\/p>\n<p>[\/et_pb_blurb][\/et_pb_column][\/et_pb_row][\/et_pb_section]<\/p>\n","protected":false},"excerpt":{"rendered":"<p>[et_pb_section fb_built=&#8220;1&#8243; fullwidth=&#8220;on&#8220; _builder_version=&#8220;4.3.4&#8243; background_color=&#8220;#7c0202&#8243;][et_pb_fullwidth_image src=&#8220;https:\/\/www.intaba-weine.de\/wp-content\/uploads\/2020\/02\/logo-weiss-Kopie-1.png&#8220; url=&#8220;https:\/\/www.intaba-weine.de&#8220; _builder_version=&#8220;4.3.4&#8243; background_color=&#8220;#7c0202&#8243; width=&#8220;46%&#8220; width_tablet=&#8220;80%&#8220; width_phone=&#8220;89%&#8220; width_last_edited=&#8220;on|tablet&#8220; module_alignment=&#8220;center&#8220; custom_margin=&#8220;0px||||false|false&#8220; custom_padding=&#8220;14px||11px||false|false&#8220;][\/et_pb_fullwidth_image][\/et_pb_section][et_pb_section fb_built=&#8220;1&#8243; fullwidth=&#8220;on&#8220; admin_label=&#8220;Header Section&#8220; _builder_version=&#8220;3.22&#8243; background_color=&#8220;#dadde2&#8243;][et_pb_fullwidth_slider admin_label=&#8220;Startseitenslider&#8220; _builder_version=&#8220;4.3.4&#8243; header_level=&#8220;h1&#8243; header_font=&#8220;||||||||&#8220; header_font_size=&#8220;37px&#8220; max_width_tablet=&#8220;100%&#8220; max_width_phone=&#8220;100%&#8220; max_width_last_edited=&#8220;on|phone&#8220; custom_margin=&#8220;0px||0px|&#8220; custom_margin_tablet=&#8220;&#8220; custom_margin_phone=&#8220;&#8220; custom_margin_last_edited=&#8220;on|desktop&#8220; custom_padding=&#8220;300px||300px|&#8220; custom_padding_tablet=&#8220;&#8220; custom_padding_phone=&#8220;150px||150px||false|false&#8220; custom_padding_last_edited=&#8220;on|phone&#8220; auto=&#8220;on&#8220; header_font_size_tablet=&#8220;37px&#8220; header_font_size_phone=&#8220;37px&#8220; header_font_size_last_edited=&#8220;on|tablet&#8220; button_text_size__hover_enabled=&#8220;off&#8220; button_one_text_size__hover_enabled=&#8220;off&#8220; button_two_text_size__hover_enabled=&#8220;off&#8220; button_text_color__hover_enabled=&#8220;off&#8220; button_one_text_color__hover_enabled=&#8220;off&#8220; button_two_text_color__hover_enabled=&#8220;off&#8220; button_border_width__hover_enabled=&#8220;off&#8220; button_one_border_width__hover_enabled=&#8220;off&#8220; button_two_border_width__hover_enabled=&#8220;off&#8220; button_border_color__hover_enabled=&#8220;off&#8220; button_one_border_color__hover_enabled=&#8220;off&#8220; button_two_border_color__hover_enabled=&#8220;off&#8220; button_border_radius__hover_enabled=&#8220;off&#8220; [&hellip;]<\/p>\n","protected":false},"author":1,"featured_media":0,"parent":0,"menu_order":0,"comment_status":"closed","ping_status":"closed","template":"","meta":{"_et_pb_use_builder":"on","_et_pb_old_content":"","_et_gb_content_width":""},"_links":{"self":[{"href":"https:\/\/www.intaba-weine.de\/index.php?rest_route=\/wp\/v2\/pages\/69"}],"collection":[{"href":"https:\/\/www.intaba-weine.de\/index.php?rest_route=\/wp\/v2\/pages"}],"about":[{"href":"https:\/\/www.intaba-weine.de\/index.php?rest_route=\/wp\/v2\/types\/page"}],"author":[{"embeddable":true,"href":"https:\/\/www.intaba-weine.de\/index.php?rest_route=\/wp\/v2\/users\/1"}],"replies":[{"embeddable":true,"href":"https:\/\/www.intaba-weine.de\/index.php?rest_route=%2Fwp%2Fv2%2Fcomments&post=69"}],"version-history":[{"count":10,"href":"https:\/\/www.intaba-weine.de\/index.php?rest_route=\/wp\/v2\/pages\/69\/revisions"}],"predecessor-version":[{"id":1302,"href":"https:\/\/www.intaba-weine.de\/index.php?rest_route=\/wp\/v2\/pages\/69\/revisions\/1302"}],"wp:attachment":[{"href":"https:\/\/www.intaba-weine.de\/index.php?rest_route=%2Fwp%2Fv2%2Fmedia&parent=69"}],"curies":[{"name":"wp","href":"https:\/\/api.w.org\/{rel}","templated":true}]}}